{"id":5643,"date":"2019-08-30T02:52:01","date_gmt":"2019-08-30T00:52:01","guid":{"rendered":"https:\/\/www.memmert.be\/producten\/non%20class\u00e9\/peltier-gekoelde-incubator-ipp30\/"},"modified":"2021-08-04T08:56:28","modified_gmt":"2021-08-04T06:56:28","slug":"incubateur-refrigere-a-elements-peltier-ipp30","status":"publish","type":"product","link":"https:\/\/www.memmert.be\/fr\/produits\/incubateurs\/incubateur-refrigere-a-elements-peltier-ippeco\/incubateur-refrigere-a-elements-peltier-ipp30\/","title":{"rendered":"Incubateur r\u00e9frig\u00e9r\u00e9 \u00e0 \u00e9l\u00e9ments Peltier IPP30"},"content":{"rendered":"<p>Incubateur r\u00e9frig\u00e9r\u00e9 \u00e0 \u00e9l\u00e9ments Peltier IPP30 &#8211; \u00c9tablit des normes \u00e9cologiques pour la culture en dessous de la temp\u00e9rature ambiante : \u00e9conomies d&rsquo;\u00e9nergie in\u00e9gal\u00e9es, meilleures valeurs pour le chauffage, le refroidissement et les temps de r\u00e9cup\u00e9ration.<\/p>\n","protected":false},"excerpt":{"rendered":"<p>Incubateur r\u00e9frig\u00e9r\u00e9 \u00e0 \u00e9l\u00e9ments Peltier IPP30 &#8211; \u00c9tablit des normes \u00e9cologiques pour la culture en dessous de la temp\u00e9rature ambiante : \u00e9conomies d&rsquo;\u00e9nergie in\u00e9gal\u00e9es, meilleures valeurs pour le chauffage, le refroidissement et les temps de r\u00e9cup\u00e9ration.<\/p>\n","protected":false},"featured_media":2699,"comment_status":"open","ping_status":"closed","template":"","meta":{"_acf_changed":false,"_exactmetrics_skip_tracking":false,"_exactmetrics_sitenote_active":false,"_exactmetrics_sitenote_note":"","_exactmetrics_sitenote_category":0},"product_brand":[],"product_cat":[297],"product_tag":[],"class_list":{"0":"post-5643","1":"product","2":"type-product","3":"status-publish","4":"has-post-thumbnail","6":"product_cat-incubateur-refrigere-a-elements-peltier-ippeco","8":"first","9":"instock","10":"shipping-taxable","11":"purchasable","12":"product-type-simple"},"acf":[],"_links":{"self":[{"href":"https:\/\/www.memmert.be\/fr\/wp-json\/wp\/v2\/product\/5643","targetHints":{"allow":["GET"]}}],"collection":[{"href":"https:\/\/www.memmert.be\/fr\/wp-json\/wp\/v2\/product"}],"about":[{"href":"https:\/\/www.memmert.be\/fr\/wp-json\/wp\/v2\/types\/product"}],"replies":[{"embeddable":true,"href":"https:\/\/www.memmert.be\/fr\/wp-json\/wp\/v2\/comments?post=5643"}],"version-history":[{"count":4,"href":"https:\/\/www.memmert.be\/fr\/wp-json\/wp\/v2\/product\/5643\/revisions"}],"predecessor-version":[{"id":39518,"href":"https:\/\/www.memmert.be\/fr\/wp-json\/wp\/v2\/product\/5643\/revisions\/39518"}],"wp:featuredmedia":[{"embeddable":true,"href":"https:\/\/www.memmert.be\/fr\/wp-json\/wp\/v2\/media\/2699"}],"wp:attachment":[{"href":"https:\/\/www.memmert.be\/fr\/wp-json\/wp\/v2\/media?parent=5643"}],"wp:term":[{"taxonomy":"product_brand","embeddable":true,"href":"https:\/\/www.memmert.be\/fr\/wp-json\/wp\/v2\/product_brand?post=5643"},{"taxonomy":"product_cat","embeddable":true,"href":"https:\/\/www.memmert.be\/fr\/wp-json\/wp\/v2\/product_cat?post=5643"},{"taxonomy":"product_tag","embeddable":true,"href":"https:\/\/www.memmert.be\/fr\/wp-json\/wp\/v2\/product_tag?post=5643"}],"curies":[{"name":"wp","href":"https:\/\/api.w.org\/{rel}","templated":true}]}}

https://www.memmert.be/producten/non%20classé/peltier-gekoelde-incubator-ipp30/

Incubateur réfrigéré à éléments Peltier IPP30

<p>Incubateur réfrigéré à éléments Peltier IPP30 &#8211; Établit des normes écologiques pour la culture en dessous de la température ambiante : économies d&rsquo;énergie inégalées, meilleures valeurs pour le chauffage, le refroidissement et les temps de récupération.</p>
