{"id":27837,"date":"2020-11-19T08:03:43","date_gmt":"2020-11-19T07:03:43","guid":{"rendered":"https:\/\/www.memmert.be\/?post_type=product&#038;p=27837"},"modified":"2022-08-12T13:17:02","modified_gmt":"2022-08-12T11:17:02","slug":"incubateur-refrigere-a-elements-peltier-ipp2200ecoplus","status":"publish","type":"product","link":"https:\/\/www.memmert.be\/fr\/produits\/incubateurs\/incubateur-refrigere-a-elements-peltier-ippeco\/incubateur-refrigere-a-elements-peltier-ipp2200ecoplus\/","title":{"rendered":"Incubateur r\u00e9frig\u00e9r\u00e9 \u00e0 \u00e9l\u00e9ments Peltier IPP2200ecoplus"},"content":{"rendered":"<p>Incubateur r\u00e9frig\u00e9r\u00e9 \u00e0 \u00e9l\u00e9ments Peltier IPP2200ecoplus &#8211; \u00c9tablit des normes \u00e9cologiques pour la culture en dessous de la temp\u00e9rature ambiante : \u00e9conomies d&rsquo;\u00e9nergie in\u00e9gal\u00e9es, meilleures valeurs pour le chauffage, le refroidissement et les temps de r\u00e9cup\u00e9ration.<\/p>\n","protected":false},"excerpt":{"rendered":"<p>Incubateur r\u00e9frig\u00e9r\u00e9 \u00e0 \u00e9l\u00e9ments Peltier IPP2200ecoplus &#8211; \u00c9tablit des normes \u00e9cologiques pour la culture en dessous de la temp\u00e9rature ambiante : \u00e9conomies d&rsquo;\u00e9nergie in\u00e9gal\u00e9es, meilleures valeurs pour le chauffage, le refroidissement et les temps de r\u00e9cup\u00e9ration.<\/p>\n","protected":false},"featured_media":27584,"comment_status":"open","ping_status":"closed","template":"","meta":{"_acf_changed":false,"_exactmetrics_skip_tracking":false,"_exactmetrics_sitenote_active":false,"_exactmetrics_sitenote_note":"","_exactmetrics_sitenote_category":0},"product_brand":[],"product_cat":[297],"product_tag":[],"class_list":{"0":"post-27837","1":"product","2":"type-product","3":"status-publish","4":"has-post-thumbnail","6":"product_cat-incubateur-refrigere-a-elements-peltier-ippeco","8":"first","9":"instock","10":"shipping-taxable","11":"purchasable","12":"product-type-simple"},"acf":[],"_links":{"self":[{"href":"https:\/\/www.memmert.be\/fr\/wp-json\/wp\/v2\/product\/27837","targetHints":{"allow":["GET"]}}],"collection":[{"href":"https:\/\/www.memmert.be\/fr\/wp-json\/wp\/v2\/product"}],"about":[{"href":"https:\/\/www.memmert.be\/fr\/wp-json\/wp\/v2\/types\/product"}],"replies":[{"embeddable":true,"href":"https:\/\/www.memmert.be\/fr\/wp-json\/wp\/v2\/comments?post=27837"}],"version-history":[{"count":3,"href":"https:\/\/www.memmert.be\/fr\/wp-json\/wp\/v2\/product\/27837\/revisions"}],"predecessor-version":[{"id":42646,"href":"https:\/\/www.memmert.be\/fr\/wp-json\/wp\/v2\/product\/27837\/revisions\/42646"}],"wp:featuredmedia":[{"embeddable":true,"href":"https:\/\/www.memmert.be\/fr\/wp-json\/wp\/v2\/media\/27584"}],"wp:attachment":[{"href":"https:\/\/www.memmert.be\/fr\/wp-json\/wp\/v2\/media?parent=27837"}],"wp:term":[{"taxonomy":"product_brand","embeddable":true,"href":"https:\/\/www.memmert.be\/fr\/wp-json\/wp\/v2\/product_brand?post=27837"},{"taxonomy":"product_cat","embeddable":true,"href":"https:\/\/www.memmert.be\/fr\/wp-json\/wp\/v2\/product_cat?post=27837"},{"taxonomy":"product_tag","embeddable":true,"href":"https:\/\/www.memmert.be\/fr\/wp-json\/wp\/v2\/product_tag?post=27837"}],"curies":[{"name":"wp","href":"https:\/\/api.w.org\/{rel}","templated":true}]}}

Incubateur réfrigéré à éléments Peltier IPP2200ecoplus

<p>Incubateur réfrigéré à éléments Peltier IPP2200ecoplus &#8211; Établit des normes écologiques pour la culture en dessous de la température ambiante : économies d&rsquo;énergie inégalées, meilleures valeurs pour le chauffage, le refroidissement et les temps de récupération.</p>
